{"id":94,"date":"2016-04-24T16:29:30","date_gmt":"2016-04-24T14:29:30","guid":{"rendered":"http:\/\/judosaku.cluster015.ovh.net\/?page_id=94"},"modified":"2025-08-04T17:51:51","modified_gmt":"2025-08-04T15:51:51","slug":"horaires","status":"publish","type":"page","link":"https:\/\/www.judosakurabraine.be\/index.php\/nos-services\/horaires\/","title":{"rendered":"Horaires des cours"},"content":{"rendered":"\n<p><strong>&nbsp;<\/strong><\/p>\n\n\n\n<figure class=\"wp-block-table is-style-regular has-small-font-size\"><table class=\"has-fixed-layout\"><thead><tr><th class=\"has-text-align-center\" data-align=\"center\"><\/th><th class=\"has-text-align-center\" data-align=\"center\">Lieu<\/th><th class=\"has-text-align-center\" data-align=\"center\"><strong>4-5 ans<\/strong><br><strong>Baby judo<\/strong><\/th><th class=\"has-text-align-center\" data-align=\"center\"><strong>6-10 ans<\/strong> (**)<\/th><th class=\"has-text-align-center\" data-align=\"center\"><strong>10-14 ans<\/strong><\/th><th class=\"has-text-align-center\" data-align=\"center\"><strong>+14 ans<\/strong><\/th><\/tr><\/thead><tbody><tr><td class=\"has-text-align-center\" data-align=\"center\"><strong>Lundi<\/strong><\/td><td class=\"has-text-align-center\" data-align=\"center\"><strong>Stade<\/strong><br><strong>Gaston Reiff<\/strong><\/td><td class=\"has-text-align-center\" data-align=\"center\">16h00-16h45<br>16h45 &#8211; 17h30<\/td><td class=\"has-text-align-center\" data-align=\"center\">17h30 &#8211; 18h30<\/td><td class=\"has-text-align-center\" data-align=\"center\"><\/td><td class=\"has-text-align-center\" data-align=\"center\"><\/td><\/tr><tr><td class=\"has-text-align-center\" data-align=\"center\"><strong>Mardi<\/strong><\/td><td class=\"has-text-align-center\" data-align=\"center\"><strong>Dojo<\/strong><\/td><td class=\"has-text-align-center\" data-align=\"center\"><\/td><td class=\"has-text-align-center\" data-align=\"center\"><\/td><td class=\"has-text-align-center\" data-align=\"center\"><\/td><td class=\"has-text-align-center\" data-align=\"center\">19h00 &#8211; 20h30<br>Technique &#8211; Tactique<br>Uchi Komi &#8211; Randori<br>(+12 ans)<\/td><\/tr><tr><td class=\"has-text-align-center\" data-align=\"center\"><strong>Mercredi<\/strong><\/td><td class=\"has-text-align-center\" data-align=\"center\"><strong>Dojo<\/strong><\/td><td class=\"has-text-align-center\" data-align=\"center\"><\/td><td class=\"has-text-align-center\" data-align=\"center\">17h00 &#8211; 18h00<\/td><td class=\"has-text-align-center\" data-align=\"center\">18h00 &#8211; 19h00<\/td><td class=\"has-text-align-center\" data-align=\"center\">19h00 &#8211; 20h30<br>Technique\/Kata<\/td><\/tr><tr><td class=\"has-text-align-center\" data-align=\"center\"><strong>Jeudi<\/strong><\/td><td class=\"has-text-align-center\" data-align=\"center\"><strong>CCM<\/strong><\/td><td class=\"has-text-align-center\" data-align=\"center\">16h30 &#8211; 17h15<\/td><td class=\"has-text-align-center\" data-align=\"center\">17h30 &#8211; 18h30<br>(6-12 ans)<\/td><td class=\"has-text-align-center\" data-align=\"center\"><\/td><td class=\"has-text-align-center\" data-align=\"center\"><\/td><\/tr><tr><td class=\"has-text-align-center\" data-align=\"center\"><strong>Vendredi<\/strong><\/td><td class=\"has-text-align-center\" data-align=\"center\"><strong>Dojo<\/strong><\/td><td class=\"has-text-align-center\" data-align=\"center\"><\/td><td class=\"has-text-align-center\" data-align=\"center\">18h00 &#8211; 19h00<br>(*)<\/td><td class=\"has-text-align-center\" data-align=\"center\">19h00 &#8211; 20h00<\/td><td class=\"has-text-align-center\" data-align=\"center\">20h00 &#8211; 21h30<br>Uchi-komi<br>Randori<\/td><\/tr><\/tbody><\/table><\/figure>\n\n\n\n<figure class=\"wp-block-table is-style-stripes has-small-font-size\"><table><tbody><tr><td>(*)<\/td><td>Ce cours pourrait \u00eatre d\u00e9doubl\u00e9 en fonction du nombre d&rsquo;enfants <br>Dans ce cas :<br> &#8211; 6 \u00e0 8 ans : 17h00 \u00e0 18h00<br> &#8211; 8 \u00e0 10 ans : cfr horaire pr\u00e9sent\u00e9.<\/td><\/tr><tr><td><\/td><td><\/td><\/tr><tr><td>(**)<\/td><td>Choix possible de 2 cours maximum parmi les cours propos\u00e9s<\/td><\/tr><\/tbody><\/table><\/figure>\n\n\n\n<p>Nos adresses : <\/p>\n\n\n\n<ul class=\"has-small-font-size wp-block-list\">\n<li><strong>Dojo <\/strong>:  rue de la Gare 76,  1420 Braine-l&rsquo;Alleud<\/li>\n<\/ul>\n\n\n\n<ul class=\"has-small-font-size wp-block-list\">\n<li><strong>CCM <\/strong>: Coll\u00e8ge Cardinal Mercier, chauss\u00e9e de Mont St Jean 83, 1420 Braine-l&rsquo;Alleud<\/li>\n<\/ul>\n\n\n\n<ul class=\"has-small-font-size wp-block-list\">\n<li><strong>Stade Gaston Reiff<\/strong> : Hall Omnisports G.Reiff, Rue Ernest Laurent 215, 1420 Braine-l&rsquo;Alleud<\/li>\n<\/ul>\n\n\n\n<p class=\"has-text-align-left has-medium-font-size\"><strong>Pour plus d&rsquo;infos <\/strong>:<\/p>\n\n\n\n<div class=\"wp-block-file aligncenter\"><a id=\"wp-block-file--media-9b2b5bc3-48cc-4e15-9ed5-b364b76b50ef\" href=\"https:\/\/www.judosakurabraine.be\/wp-content\/uploads\/2025\/08\/INFOS-PRATIQUES-2025-2026.pdf\">INFOS-PRATIQUES-2025-2026<\/a><\/div>\n","protected":false},"excerpt":{"rendered":"<p>&nbsp; Lieu 4-5 ansBaby judo 6-10 ans (**) 10-14 ans +14 ans Lundi StadeGaston Reiff 16h00-16h4516h45 &#8211; 17h30 17h30 &#8211; 18h30 Mardi Dojo 19h00 &#8211; 20h30Technique &#8211; TactiqueUchi Komi &#8211; [&hellip;]<\/p>\n","protected":false},"author":6,"featured_media":0,"parent":81,"menu_order":0,"comment_status":"closed","ping_status":"closed","template":"","meta":{"footnotes":""},"class_list":["post-94","page","type-page","status-publish","hentry"],"_links":{"self":[{"href":"https:\/\/www.judosakurabraine.be\/index.php\/wp-json\/wp\/v2\/pages\/94","targetHints":{"allow":["GET"]}}],"collection":[{"href":"https:\/\/www.judosakurabraine.be\/index.php\/wp-json\/wp\/v2\/pages"}],"about":[{"href":"https:\/\/www.judosakurabraine.be\/index.php\/wp-json\/wp\/v2\/types\/page"}],"author":[{"embeddable":true,"href":"https:\/\/www.judosakurabraine.be\/index.php\/wp-json\/wp\/v2\/users\/6"}],"replies":[{"embeddable":true,"href":"https:\/\/www.judosakurabraine.be\/index.php\/wp-json\/wp\/v2\/comments?post=94"}],"version-history":[{"count":19,"href":"https:\/\/www.judosakurabraine.be\/index.php\/wp-json\/wp\/v2\/pages\/94\/revisions"}],"predecessor-version":[{"id":1213,"href":"https:\/\/www.judosakurabraine.be\/index.php\/wp-json\/wp\/v2\/pages\/94\/revisions\/1213"}],"up":[{"embeddable":true,"href":"https:\/\/www.judosakurabraine.be\/index.php\/wp-json\/wp\/v2\/pages\/81"}],"wp:attachment":[{"href":"https:\/\/www.judosakurabraine.be\/index.php\/wp-json\/wp\/v2\/media?parent=94"}],"curies":[{"name":"wp","href":"https:\/\/api.w.org\/{rel}","templated":true}]}}

<p><strong>&nbsp;</strong></p>



<figure class="wp-block-table is-style-regular has-small-font-size"><table class="has-fixed-layout"><thead><tr><th class="has-text-align-center" data-align="center"></th><th class="has-text-align-center" data-align="center">Lieu</th><th class="has-text-align-center" data-align="center"><strong>4-5 ans</strong><br><strong>Baby judo</strong></th><th class="has-text-align-center" data-align="center"><strong>6-10 ans</strong> (**)</th><th class="has-text-align-center" data-align="center"><strong>10-14 ans</strong></th><th class="has-text-align-center" data-align="center"><strong>+14 ans</strong></th></tr></thead><tbody><tr><td class="has-text-align-center" data-align="center"><strong>Lundi</strong></td><td class="has-text-align-center" data-align="center"><strong>Stade</strong><br><strong>Gaston Reiff</strong></td><td class="has-text-align-center" data-align="center">16h00-16h45<br>16h45 &#8211; 17h30</td><td class="has-text-align-center" data-align="center">17h30 &#8211; 18h30</td><td class="has-text-align-center" data-align="center"></td><td class="has-text-align-center" data-align="center"></td></tr><tr><td class="has-text-align-center" data-align="center"><strong>Mardi</strong></td><td class="has-text-align-center" data-align="center"><strong>Dojo</strong></td><td class="has-text-align-center" data-align="center"></td><td class="has-text-align-center" data-align="center"></td><td class="has-text-align-center" data-align="center"></td><td class="has-text-align-center" data-align="center">19h00 &#8211; 20h30<br>Technique &#8211; Tactique<br>Uchi Komi &#8211; Randori<br>(+12 ans)</td></tr><tr><td class="has-text-align-center" data-align="center"><strong>Mercredi</strong></td><td class="has-text-align-center" data-align="center"><strong>Dojo</strong></td><td class="has-text-align-center" data-align="center"></td><td class="has-text-align-center" data-align="center">17h00 &#8211; 18h00</td><td class="has-text-align-center" data-align="center">18h00 &#8211; 19h00</td><td class="has-text-align-center" data-align="center">19h00 &#8211; 20h30<br>Technique/Kata</td></tr><tr><td class="has-text-align-center" data-align="center"><strong>Jeudi</strong></td><td class="has-text-align-center" data-align="center"><strong>CCM</strong></td><td class="has-text-align-center" data-align="center">16h30 &#8211; 17h15</td><td class="has-text-align-center" data-align="center">17h30 &#8211; 18h30<br>(6-12 ans)</td><td class="has-text-align-center" data-align="center"></td><td class="has-text-align-center" data-align="center"></td></tr><tr><td class="has-text-align-center" data-align="center"><strong>Vendredi</strong></td><td class="has-text-align-center" data-align="center"><strong>Dojo</strong></td><td class="has-text-align-center" data-align="center"></td><td class="has-text-align-center" data-align="center">18h00 &#8211; 19h00<br>(*)</td><td class="has-text-align-center" data-align="center">19h00 &#8211; 20h00</td><td class="has-text-align-center" data-align="center">20h00 &#8211; 21h30<br>Uchi-komi<br>Randori</td></tr></tbody></table></figure>



<figure class="wp-block-table is-style-stripes has-small-font-size"><table><tbody><tr><td>(*)</td><td>Ce cours pourrait être dédoublé en fonction du nombre d&rsquo;enfants <br>Dans ce cas :<br> &#8211; 6 à 8 ans : 17h00 à 18h00<br> &#8211; 8 à 10 ans : cfr horaire présenté.</td></tr><tr><td></td><td></td></tr><tr><td>(**)</td><td>Choix possible de 2 cours maximum parmi les cours proposés</td></tr></tbody></table></figure>



<p>Nos adresses : </p>



<ul class="has-small-font-size wp-block-list">
<li><strong>Dojo </strong>:  rue de la Gare 76,  1420 Braine-l&rsquo;Alleud</li>
</ul>



<ul class="has-small-font-size wp-block-list">
<li><strong>CCM </strong>: Collège Cardinal Mercier, chaussée de Mont St Jean 83, 1420 Braine-l&rsquo;Alleud</li>
</ul>



<ul class="has-small-font-size wp-block-list">
<li><strong>Stade Gaston Reiff</strong> : Hall Omnisports G.Reiff, Rue Ernest Laurent 215, 1420 Braine-l&rsquo;Alleud</li>
</ul>



<p class="has-text-align-left has-medium-font-size"><strong>Pour plus d&rsquo;infos </strong>:</p>



<div class="wp-block-file aligncenter"><a id="wp-block-file--media-9b2b5bc3-48cc-4e15-9ed5-b364b76b50ef" href="https://www.judosakurabraine.be/wp-content/uploads/2025/08/INFOS-PRATIQUES-2025-2026.pdf">INFOS-PRATIQUES-2025-2026</a></div>
