{"id":81,"date":"2016-04-24T15:37:00","date_gmt":"2016-04-24T13:37:00","guid":{"rendered":"http:\/\/judosaku.cluster015.ovh.net\/?page_id=81"},"modified":"2016-04-24T16:31:02","modified_gmt":"2016-04-24T14:31:02","slug":"nos-services","status":"publish","type":"page","link":"https:\/\/www.judosakurabraine.be\/index.php\/nos-services\/","title":{"rendered":"Nos Services"},"content":{"rendered":"<div id=\"pl-81\"  class=\"panel-layout\" ><div id=\"pg-81-0\"  class=\"panel-grid panel-no-style\" ><div id=\"pgc-81-0-0\"  class=\"panel-grid-cell\" ><div id=\"panel-81-0-0-0\" class=\"so-panel widget widget_moesia_services moesia_services_widget panel-first-child panel-last-child\" data-index=\"0\" >\t\t<section id=\"services\" class=\"services-area\">\n\t\t\t<div class=\"container\">\n\t\t\t\t<h3 class=\"widget-title\"><span class=\"wow bounce\">Nos services<\/span><\/h3>\t\t\t\t\t\t\t\t\t\t\t\t\t\t\t\t\t\t\t<div class=\"service col-md-4 col-sm-6 col-xs-6\">\n\t\t\t\t\t\t\t\t\t\t\t\t<h4 class=\"service-title wow fadeInUp\">Pr\u00e9paration Physique<\/h4><div class=\"service-desc wow fadeInUp\">Pour les judokas d\u00e9sireux de commencer la comp\u00e9tition ou tout simplement d'am\u00e9liorer leur endurance et leur condition physique.\r\n\r\nNous organisons des cours sp\u00e9cifiques \u00e0 partir de 14 ans.<\/div>\t\t\t\t\t<\/div>\n\t\t\t\t\t\t\t\t\t\t\t\t\t\t\t\t\t\t\t<div class=\"service col-md-4 col-sm-6 col-xs-6\">\n\t\t\t\t\t\t\t\t\t\t\t\t<h4 class=\"service-title wow fadeInUp\">Stages d&rsquo;\u00e9t\u00e9<\/h4><div class=\"service-desc wow fadeInUp\">Nous organisons des stages pour vos enfants jusque 15 ans.\r\nPour le plaisir des petits et des grands\r\nProgramme adapt\u00e9 aux cat\u00e9gories d'\u00e2ges et de grades\r\nInitiation possible\r\n\r\nLes stages se donnent la premiere semaine de juillet et la derni\u00e8re semaine d'ao\u00fbt.\r\n\r\n&nbsp;<\/div>\t\t\t\t\t<\/div>\n\t\t\t\t\t\t\t\t\t\t\t\t\t\t\t\t\t\t\t<div class=\"service col-md-4 col-sm-6 col-xs-6\">\n\t\t\t\t\t\t\t\t\t\t\t\t<h4 class=\"service-title wow fadeInUp\"><a href=\"https:\/\/www.judosakurabraine.be\/index.php\/nos-services\/horaires\/\">Cours \/ Horaires<\/a><\/h4><div class=\"service-desc wow fadeInUp\">Beaucoup de choix de cours s'offre \u00e0 vous\r\n<a href=\"https:\/\/www.judosakurabraine.be\/index.php\/nos-services\/horaires\/\">Grille horaire<\/a><\/div>\t\t\t\t\t<\/div>\n\t\t\t\t\t\t\t<\/div>\n\t\t\t\t\t\t\t<a href=\"http:\/\/judosaku.cluster015.ovh.net\/index.php\/nos-services\/\" class=\"all-news\">\n\t\t\t\t\t\t\t\t\t\t\tVoir tous nos services\t\t\t\t\t\t\t\t\t<\/a>\n\t\t\t\t\t\t\t\t\t\n\t\t<\/section>\t\t\n\t<\/div><\/div><\/div><\/div>","protected":false},"excerpt":{"rendered":"","protected":false},"author":2,"featured_media":0,"parent":0,"menu_order":0,"comment_status":"closed","ping_status":"closed","template":"page_services.php","meta":{"footnotes":""},"class_list":["post-81","page","type-page","status-publish","hentry"],"_links":{"self":[{"href":"https:\/\/www.judosakurabraine.be\/index.php\/wp-json\/wp\/v2\/pages\/81","targetHints":{"allow":["GET"]}}],"collection":[{"href":"https:\/\/www.judosakurabraine.be\/index.php\/wp-json\/wp\/v2\/pages"}],"about":[{"href":"https:\/\/www.judosakurabraine.be\/index.php\/wp-json\/wp\/v2\/types\/page"}],"author":[{"embeddable":true,"href":"https:\/\/www.judosakurabraine.be\/index.php\/wp-json\/wp\/v2\/users\/2"}],"replies":[{"embeddable":true,"href":"https:\/\/www.judosakurabraine.be\/index.php\/wp-json\/wp\/v2\/comments?post=81"}],"version-history":[{"count":1,"href":"https:\/\/www.judosakurabraine.be\/index.php\/wp-json\/wp\/v2\/pages\/81\/revisions"}],"predecessor-version":[{"id":82,"href":"https:\/\/www.judosakurabraine.be\/index.php\/wp-json\/wp\/v2\/pages\/81\/revisions\/82"}],"wp:attachment":[{"href":"https:\/\/www.judosakurabraine.be\/index.php\/wp-json\/wp\/v2\/media?parent=81"}],"curies":[{"name":"wp","href":"https:\/\/api.w.org\/{rel}","templated":true}]}}