{"id":74,"date":"2016-04-24T15:28:09","date_gmt":"2016-04-24T13:28:09","guid":{"rendered":"http:\/\/judosaku.cluster015.ovh.net\/?page_id=74"},"modified":"2023-11-06T16:37:36","modified_gmt":"2023-11-06T15:37:36","slug":"accueil","status":"publish","type":"page","link":"https:\/\/www.judosakurabraine.be\/","title":{"rendered":"ACCUEIL"},"content":{"rendered":"<div id=\"pl-74\"  class=\"panel-layout\" ><div id=\"pg-74-0\"  class=\"panel-grid panel-no-style\" ><div id=\"pgc-74-0-0\"  class=\"panel-grid-cell\" >\t\t<div id=\"panel-74-0-0-0\" class=\"so-panel widget widget_moesia_recent_posts moesia_recent_posts_widget panel-first-child panel-last-child\" data-index=\"0\" >\t\t<h3 class=\"widget-title\">Derniers articles<\/h3>\t\t<ul class=\"list-group\">\n\t\t\t\t\t<li class=\"list-group-item\">\n\t\t\t\t<div class=\"recent-post clearfix\">\n\t\t\t\t\t\t\t\t\t\t\t\t\t\t\t\t<div class=\"col-md-12\">\t\t\t\t\t\t\t\t\t\t<h4><a href=\"https:\/\/www.judosakurabraine.be\/index.php\/2026\/04\/12\/vacances-avril-mai-2026\/\">VACANCES AVRIL-MAI 2026<\/a><\/h4>\n\t\t\t\t\t\t\t\t\t\t\t<span class=\"post-date\"><i class=\"fa fa-calendar\"><\/i>&nbsp;12 avril 2026<\/span><\/div>\n\t\t\t\t\t\t\t\t\t<\/div>\n\t\t\t<\/li>\n\t\t\t\t\t<li class=\"list-group-item\">\n\t\t\t\t<div class=\"recent-post clearfix\">\n\t\t\t\t\t\t\t\t\t\t\t\t\t\t\t\t<div class=\"col-md-12\">\t\t\t\t\t\t\t\t\t\t<h4><a href=\"https:\/\/www.judosakurabraine.be\/index.php\/2026\/03\/13\/stages-ete-2026-pour-enfant-de-6-a-15-ans\/\">Stages \u00e9t\u00e9 2026 pour enfant de 6 \u00e0 16 ANS<\/a><\/h4>\n\t\t\t\t\t\t\t\t\t\t\t<span class=\"post-date\"><i class=\"fa fa-calendar\"><\/i>&nbsp;13 mars 2026<\/span><\/div>\n\t\t\t\t\t\t\t\t\t<\/div>\n\t\t\t<\/li>\n\t\t\t\t\t<li class=\"list-group-item\">\n\t\t\t\t<div class=\"recent-post clearfix\">\n\t\t\t\t\t\t\t\t\t\t\t\t\t\t\t\t<div class=\"col-md-12\">\t\t\t\t\t\t\t\t\t\t<h4><a href=\"https:\/\/www.judosakurabraine.be\/index.php\/2026\/02\/11\/judo-conges-de-carnaval\/\">JUDO CONGES DE CARNAVAL<\/a><\/h4>\n\t\t\t\t\t\t\t\t\t\t\t<span class=\"post-date\"><i class=\"fa fa-calendar\"><\/i>&nbsp;11 f\u00e9vrier 2026<\/span><\/div>\n\t\t\t\t\t\t\t\t\t<\/div>\n\t\t\t<\/li>\n\t\t\t\t<\/ul>\n\t\t<\/div>\t<\/div><\/div><div id=\"pg-74-1\"  class=\"panel-grid panel-no-style\" ><div id=\"pgc-74-1-0\"  class=\"panel-grid-cell\" ><div id=\"panel-74-1-0-0\" class=\"so-panel widget widget_moesia_blockquote moesia_blockquote_widget panel-first-child panel-last-child\" data-index=\"1\" >\t\t<section id=\"blockquote\" class=\"blockquote-area\">\n\t\t\t<div class=\"container\">\t\t\t\n\t\t\t\t<h3 class=\"widget-title\"><span class=\"wow bounce\">Le judo, un art martial pour tous<\/span><\/h3>\t\t\t\t\t\t\t\t\t<div class=\"bq-img col-md-6 col-sm-6 col-xs-6 wow fadeInUp\">\n\t\t\t\t\t\t<img decoding=\"async\" src=\"http:\/\/www.judosakurabraine.be\/wp-content\/uploads\/2016\/04\/stock-illustration-25341220-calligraphie-japonaise-judo.jpg\" \/>\n\t\t\t\t\t<\/div>\n\t\t\t\t\t<div class=\"bq-text col-md-6 col-sm-6 col-xs-6\">\n\t\t\t\t\t\t\t\t\t<blockquote class=\"wow fadeInUp\">Le judo est un sport tr\u00e8s complet au travers duquel tout individu peut s&#039;exprimer. \nLe judo nous apprend aussi beaucoup de choses tels que le respect, l&#039;ordre, la maitrise de son corps et la canalisation.<\/blockquote>\n\t\t\t\t\t<cite class=\"wow fadeInUp\">Vanessa DETISTE<\/cite>\n\t\t\t\t<\/div>\t\n\t\t\t<\/div>\t\t\n\t\t<\/section>\t\t\n\t<\/div><\/div><\/div><div id=\"pg-74-2\"  class=\"panel-grid panel-no-style\" ><div id=\"pgc-74-2-0\"  class=\"panel-grid-cell\" ><div id=\"panel-74-2-0-0\" class=\"so-panel widget widget_moesia_services moesia_services_widget panel-first-child panel-last-child\" data-index=\"2\" >\t\t<section id=\"services\" class=\"services-area\">\n\t\t\t<div class=\"container\">\n\t\t\t\t<h3 class=\"widget-title\"><span class=\"wow bounce\">Nos Services<\/span><\/h3>\t\t\t\t\t\t\t\t\t\t\t\t\t\t\t\t\t\t\t<div class=\"service col-md-4 col-sm-6 col-xs-6\">\n\t\t\t\t\t\t\t\t\t\t\t\t<h4 class=\"service-title wow fadeInUp\">Pr\u00e9paration Physique<\/h4><div class=\"service-desc wow fadeInUp\">Pour les judokas d\u00e9sireux de commencer la comp\u00e9tition ou tout simplement d'am\u00e9liorer leur endurance et leur condition physique.\r\n\r\nNous organisons des cours sp\u00e9cifiques \u00e0 partir de 14 ans.<\/div>\t\t\t\t\t<\/div>\n\t\t\t\t\t\t\t\t\t\t\t\t\t\t\t\t\t\t\t<div class=\"service col-md-4 col-sm-6 col-xs-6\">\n\t\t\t\t\t\t\t\t\t\t\t\t<h4 class=\"service-title wow fadeInUp\">Stages d&rsquo;\u00e9t\u00e9<\/h4><div class=\"service-desc wow fadeInUp\">Nous organisons des stages pour vos enfants jusque 15 ans.\r\nPour le plaisir des petits et des grands\r\nProgramme adapt\u00e9 aux cat\u00e9gories d'\u00e2ges et de grades\r\nInitiation possible\r\n\r\nLes stages se donnent la premiere semaine de juillet et la derni\u00e8re semaine d'ao\u00fbt.\r\n\r\n&nbsp;<\/div>\t\t\t\t\t<\/div>\n\t\t\t\t\t\t\t\t\t\t\t\t\t\t\t\t\t\t\t<div class=\"service col-md-4 col-sm-6 col-xs-6\">\n\t\t\t\t\t\t\t\t\t\t\t\t<h4 class=\"service-title wow fadeInUp\"><a href=\"https:\/\/www.judosakurabraine.be\/index.php\/nos-services\/horaires\/\">Cours \/ Horaires<\/a><\/h4><div class=\"service-desc wow fadeInUp\">Beaucoup de choix de cours s'offre \u00e0 vous\r\n<a href=\"https:\/\/www.judosakurabraine.be\/index.php\/nos-services\/horaires\/\">Grille horaire<\/a><\/div>\t\t\t\t\t<\/div>\n\t\t\t\t\t\t\t<\/div>\n\t\t\t\t\t\t\t\t\t\n\t\t<\/section>\t\t\n\t<\/div><\/div><\/div><div id=\"pg-74-3\"  class=\"panel-grid panel-no-style\" ><div id=\"pgc-74-3-0\"  class=\"panel-grid-cell\" ><div id=\"panel-74-3-0-0\" class=\"so-panel widget widget_moesia_skills moesia_skills_widget panel-first-child panel-last-child\" data-index=\"3\" >\t\t<section id=\"skills\" class=\"skills-area\">\n\t\t\t<div class=\"container\">\n\t\t\t\t<h3 class=\"widget-title\"><span class=\"wow bounce\">Nos forces<\/span><\/h3>\t\t\t\t\t\t\t\t\n\t\t\t\t\t<div class=\"skills-desc col-md-6 col-sm-6 wow fadeInLeft\">\n\t\t\t\t\t\tNotre club se veut convivial et adapt\u00e9 \u00e0 tous les niveaux\nLoisir comme comp\u00e9titeur, vous y trouverez votre bonheur\nVenez nous rencontrer et pourquoi pas, faire une s\u00e9ance s\u2019essaie gratuite !\t\t\t\t\t<\/div>\n\t\t\t\t\t\t\t\t<div class=\"skills-list col-md-6 col-sm-6\">\n\t\t\t\t\t<div class=\"col-md-2 wow fadeIn\">Nombreux choix de cours:<\/div><div class=\"skill-bar col-md-10\" id=\"0\"><div><\/div><\/div><div class=\"col-md-2 wow fadeIn\">Professeurs motiv\u00e9s et passionn\u00e9s:<\/div><div class=\"skill-bar col-md-10\" id=\"0\"><div><\/div><\/div><div class=\"col-md-2 wow fadeIn\">Famillial:<\/div><div class=\"skill-bar col-md-10\" id=\"0\"><div><\/div><\/div><div class=\"col-md-2 wow fadeIn\">Convivial:<\/div><div class=\"skill-bar col-md-10\" id=\"0\"><div><\/div><\/div>\t\t\t\t\t\t\t\t\n\t\t\t\t<\/div>\n\t\t\t<\/div>\n\t\t\t\t\t\t\t\t\t\t\t\t\t\n\t\t<\/section>\t\t\n\t<\/div><\/div><\/div><div id=\"pg-74-4\"  class=\"panel-grid panel-no-style\" ><div id=\"pgc-74-4-0\"  class=\"panel-grid-cell\" ><div id=\"panel-74-4-0-0\" class=\"so-panel widget widget_moesia_employees moesia_employees_widget panel-first-child panel-last-child\" data-index=\"4\" >\n\t\t<section id=\"employees\" class=\"employees-area\">\n\t\t\t<div class=\"container\">\n\t\t\t\t<h3 class=\"widget-title\"><span class=\"wow bounce\">Notre Staff Technique<\/span><\/h3>\t\t\t\t\t\t\t\t\t\t\t\t\t\t<div class=\"employee col-md-4 col-sm-6 col-xs-6\">\n\t\t\t\t\t\t\t\t\t\t\t\t\t\t\t\t\t\t\t\t\t<img decoding=\"async\" class=\"employee-photo wow zoomInDown\" src=\"http:\/\/www.judosakurabraine.be\/wp-content\/uploads\/2017\/08\/Didier2023-1-scaled.jpg\" alt=\"DIDIER SAUBLEN\">\n\t\t\t\t\t\t\t\t\t\t\t\t\t\n\t\t\t\t\t\t<h4 class=\"employee-name wow fadeInUp\">DIDIER SAUBLEN<\/h4>\n\t\t\t\t\t\t\t\t\t\t\t\t\t<span class=\"employee-position wow fadeInUp\">Directeur Technique - Professeur<\/span>\n\t\t\t\t\t\t\t\t\t\t\t\t<div class=\"employee-desc wow fadeInUp\"><p>7\u00e8me Dan<br \/>\nLicenci\u00e9 en \u00e9ducation physique, agr\u00e9g\u00e9 ESS.<br \/>\nMoniteur ADEPS et post moniteur MCP<br \/>\nex-Directeur Sportif FFBJ<br \/>\nMa\u00eetre de Stage ADEPS<\/p>\n<\/div>\n\t\t\t\t\t\t\t\t\t\t\t\t\t<div class=\"employee-social wow fadeInUp\">\n\t\t\t\t\t\t\t\t\t\t\t\t\t\t\t\t\t<a href=\"https:\/\/www.facebook.com\/didier.saublen\" target=\"_blank\"><i class=\"fa fa-facebook\"><\/i><\/a>\n\t\t\t\t\t\t\t\t\t\t\t\t\t\t\t\t\t\t\t\t\t\t\t\t\t\t\t\t\t\t\t\t\t\t\t\n\t\t\t\t\t\t\t\t\t\t\t\t\t\t\t<\/div>\n\t\t\t\t\t\t\t\t\t\t\t<\/div>\n\t\t\t\t\t\t\t<\/div>\n\t\t\t\t\t\t\t<a href=\"http:\/\/www.judosakurabraine.be\/index.php\/staff-technique\/\" class=\"all-news\">\n\t\t\t\t\t\t\t\t\t\t\tToute notre \u00e9quipe\t\t\t\t\t\t\t\t\t<\/a>\n\t\t\t\t\t\n\t\t<\/section>\n\t\t\t\t\n\t\t\n\t<\/div><\/div><\/div><div id=\"pg-74-5\"  class=\"panel-grid panel-no-style\" ><div id=\"pgc-74-5-0\"  class=\"panel-grid-cell\" ><div id=\"panel-74-5-0-0\" class=\"so-panel widget widget_fp_social panel-first-child panel-last-child\" data-index=\"5\" >\t\t<section id=\"social\" class=\"social-area\">\t\t\n\n\t\t<h3 class=\"widget-title\"><span class=\"wow bounce\">R\u00e9seaux Sociaux<\/span><\/h3>\t\t\t<div class=\"container wow zoomInUp\">\n\t\t\t\t<div class=\"menu-social2-container\"><ul id=\"menu-social2\" class=\"menu clearfix\"><li id=\"menu-item-232\" class=\"menu-item menu-item-type-custom menu-item-object-custom menu-item-232\"><a href=\"https:\/\/www.facebook.com\/JC-Sakura-Braine-304323809582513\/\"><span class=\"screen-reader-text\">Facebook<\/span><\/a><\/li>\n<li id=\"menu-item-1005\" class=\"menu-item menu-item-type-custom menu-item-object-custom menu-item-1005\"><a href=\"https:\/\/www.instagram.com\/royal_sakura_braine_judo_club\/\"><span class=\"screen-reader-text\">Instagram<\/span><\/a><\/li>\n<\/ul><\/div>\t\t\t<\/div>\n\t\t<\/section>\n\t\t<\/div><\/div><\/div><div id=\"pg-74-6\"  class=\"panel-grid panel-no-style\" ><div id=\"pgc-74-6-0\"  class=\"panel-grid-cell\" ><div id=\"panel-74-6-0-0\" class=\"so-panel widget widget_moesia_contact_info moesia_contact_info_widget panel-first-child panel-last-child\" data-index=\"6\" ><h3 class=\"widget-title\">Contactez nous !<\/h3><div class=\"contact-address\"><span><i class=\"fa fa-home\"><\/i>Adresse : <\/span>rue de la Gare 76 \u00e0 Braine l&#039;Alleud (Sart-Moulin)<\/div><div class=\"contact-phone\"><span><i class=\"fa fa-phone\"><\/i>T\u00e9l\u00e9phone : <\/span>+32 (0)477 406 817<\/div><div class=\"contact-email\"><span><i class=\"fa fa-envelope\"><\/i>Email<\/span><a href=\"mailto:info@judosakurabraine.be\">info@judosakurabraine.be<\/a><\/div><\/div><\/div><\/div><\/div>","protected":false},"excerpt":{"rendered":"","protected":false},"author":2,"featured_media":0,"parent":0,"menu_order":0,"comment_status":"closed","ping_status":"closed","template":"page_front-page.php","meta":{"footnotes":""},"class_list":["post-74","page","type-page","status-publish","hentry"],"_links":{"self":[{"href":"https:\/\/www.judosakurabraine.be\/index.php\/wp-json\/wp\/v2\/pages\/74","targetHints":{"allow":["GET"]}}],"collection":[{"href":"https:\/\/www.judosakurabraine.be\/index.php\/wp-json\/wp\/v2\/pages"}],"about":[{"href":"https:\/\/www.judosakurabraine.be\/index.php\/wp-json\/wp\/v2\/types\/page"}],"author":[{"embeddable":true,"href":"https:\/\/www.judosakurabraine.be\/index.php\/wp-json\/wp\/v2\/users\/2"}],"replies":[{"embeddable":true,"href":"https:\/\/www.judosakurabraine.be\/index.php\/wp-json\/wp\/v2\/comments?post=74"}],"version-history":[{"count":82,"href":"https:\/\/www.judosakurabraine.be\/index.php\/wp-json\/wp\/v2\/pages\/74\/revisions"}],"predecessor-version":[{"id":962,"href":"https:\/\/www.judosakurabraine.be\/index.php\/wp-json\/wp\/v2\/pages\/74\/revisions\/962"}],"wp:attachment":[{"href":"https:\/\/www.judosakurabraine.be\/index.php\/wp-json\/wp\/v2\/media?parent=74"}],"curies":[{"name":"wp","href":"https:\/\/api.w.org\/{rel}","templated":true}]}}

<div id="pl-74"  class="panel-layout" ><div id="pg-74-0"  class="panel-grid panel-no-style" ><div id="pgc-74-0-0"  class="panel-grid-cell" >		<div id="panel-74-0-0-0" class="so-panel widget widget_moesia_recent_posts moesia_recent_posts_widget panel-first-child panel-last-child" data-index="0" >		<h3 class="widget-title">Derniers articles</h3>		<ul class="list-group">
					<li class="list-group-item">
				<div class="recent-post clearfix">
																<div class="col-md-12">										<h4><a href="https://www.judosakurabraine.be/index.php/2026/04/12/vacances-avril-mai-2026/">VACANCES AVRIL-MAI 2026</a></h4>
											<span class="post-date"><i class="fa fa-calendar"></i>&nbsp;12 avril 2026</span></div>
									</div>
			</li>
					<li class="list-group-item">
				<div class="recent-post clearfix">
																<div class="col-md-12">										<h4><a href="https://www.judosakurabraine.be/index.php/2026/03/13/stages-ete-2026-pour-enfant-de-6-a-15-ans/">Stages été 2026 pour enfant de 6 à 16 ANS</a></h4>
											<span class="post-date"><i class="fa fa-calendar"></i>&nbsp;13 mars 2026</span></div>
									</div>
			</li>
					<li class="list-group-item">
				<div class="recent-post clearfix">
																<div class="col-md-12">										<h4><a href="https://www.judosakurabraine.be/index.php/2026/02/11/judo-conges-de-carnaval/">JUDO CONGES DE CARNAVAL</a></h4>
											<span class="post-date"><i class="fa fa-calendar"></i>&nbsp;11 février 2026</span></div>
									</div>
			</li>
				</ul>
		</div>	</div></div><div id="pg-74-1"  class="panel-grid panel-no-style" ><div id="pgc-74-1-0"  class="panel-grid-cell" ><div id="panel-74-1-0-0" class="so-panel widget widget_moesia_blockquote moesia_blockquote_widget panel-first-child panel-last-child" data-index="1" >		<section id="blockquote" class="blockquote-area">
			<div class="container">			
				<h3 class="widget-title"><span class="wow bounce">Le judo, un art martial pour tous</span></h3>									<div class="bq-img col-md-6 col-sm-6 col-xs-6 wow fadeInUp">
						<img decoding="async" src="http://www.judosakurabraine.be/wp-content/uploads/2016/04/stock-illustration-25341220-calligraphie-japonaise-judo.jpg" />
					</div>
					<div class="bq-text col-md-6 col-sm-6 col-xs-6">
									<blockquote class="wow fadeInUp">Le judo est un sport très complet au travers duquel tout individu peut s&#039;exprimer. 
Le judo nous apprend aussi beaucoup de choses tels que le respect, l&#039;ordre, la maitrise de son corps et la canalisation.</blockquote>
					<cite class="wow fadeInUp">Vanessa DETISTE</cite>
				</div>	
			</div>		
		</section>		
	</div></div></div><div id="pg-74-2"  class="panel-grid panel-no-style" ><div id="pgc-74-2-0"  class="panel-grid-cell" ><div id="panel-74-2-0-0" class="so-panel widget widget_moesia_services moesia_services_widget panel-first-child panel-last-child" data-index="2" >		<section id="services" class="services-area">
			<div class="container">
				<h3 class="widget-title"><span class="wow bounce">Nos Services</span></h3>																			<div class="service col-md-4 col-sm-6 col-xs-6">
												<h4 class="service-title wow fadeInUp">Préparation Physique</h4><div class="service-desc wow fadeInUp">Pour les judokas désireux de commencer la compétition ou tout simplement d'améliorer leur endurance et leur condition physique.

Nous organisons des cours spécifiques à partir de 14 ans.</div>					</div>
																			<div class="service col-md-4 col-sm-6 col-xs-6">
												<h4 class="service-title wow fadeInUp">Stages d&rsquo;été</h4><div class="service-desc wow fadeInUp">Nous organisons des stages pour vos enfants jusque 15 ans.
Pour le plaisir des petits et des grands
Programme adapté aux catégories d'âges et de grades
Initiation possible

Les stages se donnent la premiere semaine de juillet et la dernière semaine d'août.

&nbsp;</div>					</div>
																			<div class="service col-md-4 col-sm-6 col-xs-6">
												<h4 class="service-title wow fadeInUp"><a href="https://www.judosakurabraine.be/index.php/nos-services/horaires/">Cours / Horaires</a></h4><div class="service-desc wow fadeInUp">Beaucoup de choix de cours s'offre à vous
<a href="https://www.judosakurabraine.be/index.php/nos-services/horaires/">Grille horaire</a></div>					</div>
							</div>
									
		</section>		
	</div></div></div><div id="pg-74-3"  class="panel-grid panel-no-style" ><div id="pgc-74-3-0"  class="panel-grid-cell" ><div id="panel-74-3-0-0" class="so-panel widget widget_moesia_skills moesia_skills_widget panel-first-child panel-last-child" data-index="3" >		<section id="skills" class="skills-area">
			<div class="container">
				<h3 class="widget-title"><span class="wow bounce">Nos forces</span></h3>								
					<div class="skills-desc col-md-6 col-sm-6 wow fadeInLeft">
						Notre club se veut convivial et adapté à tous les niveaux
Loisir comme compétiteur, vous y trouverez votre bonheur
Venez nous rencontrer et pourquoi pas, faire une séance s’essaie gratuite !					</div>
								<div class="skills-list col-md-6 col-sm-6">
					<div class="col-md-2 wow fadeIn">Nombreux choix de cours:</div><div class="skill-bar col-md-10" id="0"><div></div></div><div class="col-md-2 wow fadeIn">Professeurs motivés et passionnés:</div><div class="skill-bar col-md-10" id="0"><div></div></div><div class="col-md-2 wow fadeIn">Famillial:</div><div class="skill-bar col-md-10" id="0"><div></div></div><div class="col-md-2 wow fadeIn">Convivial:</div><div class="skill-bar col-md-10" id="0"><div></div></div>								
				</div>
			</div>
													
		</section>		
	</div></div></div><div id="pg-74-4"  class="panel-grid panel-no-style" ><div id="pgc-74-4-0"  class="panel-grid-cell" ><div id="panel-74-4-0-0" class="so-panel widget widget_moesia_employees moesia_employees_widget panel-first-child panel-last-child" data-index="4" >
		<section id="employees" class="employees-area">
			<div class="container">
				<h3 class="widget-title"><span class="wow bounce">Notre Staff Technique</span></h3>														<div class="employee col-md-4 col-sm-6 col-xs-6">
																					<img decoding="async" class="employee-photo wow zoomInDown" src="http://www.judosakurabraine.be/wp-content/uploads/2017/08/Didier2023-1-scaled.jpg" alt="DIDIER SAUBLEN">
													
						<h4 class="employee-name wow fadeInUp">DIDIER SAUBLEN</h4>
													<span class="employee-position wow fadeInUp">Directeur Technique - Professeur</span>
												<div class="employee-desc wow fadeInUp"><p>7ème Dan<br />
Licencié en éducation physique, agrégé ESS.<br />
Moniteur ADEPS et post moniteur MCP<br />
ex-Directeur Sportif FFBJ<br />
Maître de Stage ADEPS</p>
</div>
													<div class="employee-social wow fadeInUp">
																	<a href="https://www.facebook.com/didier.saublen" target="_blank"><i class="fa fa-facebook"></i></a>
																																			
															</div>
											</div>
							</div>
							<a href="http://www.judosakurabraine.be/index.php/staff-technique/" class="all-news">
											Toute notre équipe									</a>
					
		</section>
				
		
	</div></div></div><div id="pg-74-5"  class="panel-grid panel-no-style" ><div id="pgc-74-5-0"  class="panel-grid-cell" ><div id="panel-74-5-0-0" class="so-panel widget widget_fp_social panel-first-child panel-last-child" data-index="5" >		<section id="social" class="social-area">		

		<h3 class="widget-title"><span class="wow bounce">Réseaux Sociaux</span></h3>			<div class="container wow zoomInUp">
				<div class="menu-social2-container"><ul id="menu-social2" class="menu clearfix"><li id="menu-item-232" class="menu-item menu-item-type-custom menu-item-object-custom menu-item-232"><a href="https://www.facebook.com/JC-Sakura-Braine-304323809582513/"><span class="screen-reader-text">Facebook</span></a></li>
<li id="menu-item-1005" class="menu-item menu-item-type-custom menu-item-object-custom menu-item-1005"><a href="https://www.instagram.com/royal_sakura_braine_judo_club/"><span class="screen-reader-text">Instagram</span></a></li>
</ul></div>			</div>
		</section>
		</div></div></div><div id="pg-74-6"  class="panel-grid panel-no-style" ><div id="pgc-74-6-0"  class="panel-grid-cell" ><div id="panel-74-6-0-0" class="so-panel widget widget_moesia_contact_info moesia_contact_info_widget panel-first-child panel-last-child" data-index="6" ><h3 class="widget-title">Contactez nous !</h3><div class="contact-address"><span><i class="fa fa-home"></i>Adresse : </span>rue de la Gare 76 à Braine l&#039;Alleud (Sart-Moulin)</div><div class="contact-phone"><span><i class="fa fa-phone"></i>Téléphone : </span>+32 (0)477 406 817</div><div class="contact-email"><span><i class="fa fa-envelope"></i>Email</span><a href="mailto:info@judosakurabraine.be">info@judosakurabraine.be</a></div></div></div></div></div>
