{"id":286,"date":"2016-08-30T14:23:56","date_gmt":"2016-08-30T12:23:56","guid":{"rendered":"http:\/\/www.judosakurabraine.be\/?page_id=286"},"modified":"2025-08-04T17:41:59","modified_gmt":"2025-08-04T15:41:59","slug":"info-pratique","status":"publish","type":"page","link":"https:\/\/www.judosakurabraine.be\/index.php\/info-pratique\/","title":{"rendered":"Infos Pratiques"},"content":{"rendered":"\n<p>Vous voulez tenter l&rsquo;aventure avec nous ?<\/p>\n\n\n\n<p>Venez faire une s\u00e9ance d&rsquo;essai gratuite !<\/p>\n\n\n\n<p>Une tenue souple :&nbsp;t-shirt manche longue, training, nous vous pr\u00eaterons le reste.<\/p>\n\n\n\n<p>Un petit mail ou t\u00e9l\u00e9phone pour nous pr\u00e9venir est toujours appr\u00e9ci\u00e9.<\/p>\n\n\n\n<p>Si vous n\u2019\u00eates pas encore d\u00e9cid\u00e9 ? Aucun probl\u00e8me. Vous pouvez venir regarder le cour depuis notre caf\u00e9t\u00e9ria.<\/p>\n\n\n\n<p>N&rsquo;h\u00e9sitez pas \u00e0 nous contacter \u00e0 l&rsquo;adresse suivante info@judosakurabraine.be ou par t\u00e9l\u00e9phone au 0477\/406 817<\/p>\n\n\n\n<div class=\"wp-block-file aligncenter\"><a id=\"wp-block-file--media-40566e41-1f9b-4f1a-abcc-e56822cb71db\" href=\"https:\/\/www.judosakurabraine.be\/wp-content\/uploads\/2025\/08\/INFOS-PRATIQUES-2025-2026.pdf\">INFOS-PRATIQUES-2025-2026<\/a><\/div>\n\n\n\n<div class=\"wp-block-file aligncenter\"><a id=\"wp-block-file--media-10db893c-87eb-4018-ae64-ab8fedb71824\" href=\"https:\/\/www.judosakurabraine.be\/wp-content\/uploads\/2025\/07\/MONTANT-DES-COTISATIONS-AU-01-09-25.pdf\">MONTANT-DES-COTISATIONS-AU-01-09-25<\/a><\/div>\n\n\n\n<p class=\"has-text-align-center\"><\/p>\n","protected":false},"excerpt":{"rendered":"<p>Vous voulez tenter l&rsquo;aventure avec nous ? Venez faire une s\u00e9ance d&rsquo;essai gratuite ! Une tenue souple :&nbsp;t-shirt manche longue, training, nous vous pr\u00eaterons le reste. Un petit mail ou [&hellip;]<\/p>\n","protected":false},"author":1,"featured_media":0,"parent":0,"menu_order":0,"comment_status":"closed","ping_status":"closed","template":"","meta":{"footnotes":""},"class_list":["post-286","page","type-page","status-publish","hentry"],"_links":{"self":[{"href":"https:\/\/www.judosakurabraine.be\/index.php\/wp-json\/wp\/v2\/pages\/286","targetHints":{"allow":["GET"]}}],"collection":[{"href":"https:\/\/www.judosakurabraine.be\/index.php\/wp-json\/wp\/v2\/pages"}],"about":[{"href":"https:\/\/www.judosakurabraine.be\/index.php\/wp-json\/wp\/v2\/types\/page"}],"author":[{"embeddable":true,"href":"https:\/\/www.judosakurabraine.be\/index.php\/wp-json\/wp\/v2\/users\/1"}],"replies":[{"embeddable":true,"href":"https:\/\/www.judosakurabraine.be\/index.php\/wp-json\/wp\/v2\/comments?post=286"}],"version-history":[{"count":12,"href":"https:\/\/www.judosakurabraine.be\/index.php\/wp-json\/wp\/v2\/pages\/286\/revisions"}],"predecessor-version":[{"id":1208,"href":"https:\/\/www.judosakurabraine.be\/index.php\/wp-json\/wp\/v2\/pages\/286\/revisions\/1208"}],"wp:attachment":[{"href":"https:\/\/www.judosakurabraine.be\/index.php\/wp-json\/wp\/v2\/media?parent=286"}],"curies":[{"name":"wp","href":"https:\/\/api.w.org\/{rel}","templated":true}]}}